{"id":3276,"date":"2025-06-22T14:08:11","date_gmt":"2025-06-22T13:08:11","guid":{"rendered":"https:\/\/festivalholl.fo\/?post_type=mp-event&#038;p=3276"},"modified":"2025-07-01T02:34:11","modified_gmt":"2025-07-01T01:34:11","slug":"oksakast","status":"publish","type":"mp-event","link":"https:\/\/festivalholl.fo\/en\/timetable\/event\/oksakast\/","title":{"rendered":"\u00d8ksakast 15:00 &#8211; 16:30"},"content":{"rendered":"<figure class=\"wp-block-image size-large\"><img fetchpriority=\"high\" decoding=\"async\" width=\"1024\" height=\"577\" src=\"https:\/\/festivalholl.fo\/wp-content\/uploads\/2025\/06\/20240705_132528-1024x577.jpg\" alt=\"\" class=\"wp-image-3221\" srcset=\"https:\/\/festivalholl.fo\/wp-content\/uploads\/2025\/06\/20240705_132528-1024x577.jpg 1024w, https:\/\/festivalholl.fo\/wp-content\/uploads\/2025\/06\/20240705_132528-300x169.jpg 300w, https:\/\/festivalholl.fo\/wp-content\/uploads\/2025\/06\/20240705_132528-768x432.jpg 768w, https:\/\/festivalholl.fo\/wp-content\/uploads\/2025\/06\/20240705_132528-1536x865.jpg 1536w, https:\/\/festivalholl.fo\/wp-content\/uploads\/2025\/06\/20240705_132528-2048x1153.jpg 2048w, https:\/\/festivalholl.fo\/wp-content\/uploads\/2025\/06\/20240705_132528-18x10.jpg 18w, https:\/\/festivalholl.fo\/wp-content\/uploads\/2025\/06\/20240705_132528-800x450.jpg 800w\" sizes=\"(max-width: 1024px) 100vw, 1024px\" \/><\/figure>\n\n\n\n<p>Heri er limur \u00ed Berserk. \u00c1 festivalinum finnur t\u00fa hann vi\u00f0 \u00f8ksakastinum, har hann vi\u00f0 tolsemi og vir\u00f0ing l\u00e6rir fr\u00e1 s\u00e6r. <\/p>","protected":false},"excerpt":{"rendered":"<p>Heri er limur \u00ed Berserk. \u00c1 festivalinum finnur t\u00fa hann vi\u00f0 \u00f8ksakastinum, har hann vi\u00f0 tolsemi og vir\u00f0ing l\u00e6rir fr\u00e1 s\u00e6r.<\/p>","protected":false},"author":1,"featured_media":0,"menu_order":0,"comment_status":"closed","ping_status":"closed","template":"","mp-event_category":[49],"mp-event_tag":[],"class_list":["post-3276","mp-event","type-mp-event","status-publish","hentry","mp-event_category-itriv","entry","mp-event-item"],"yoast_head":"<!-- This site is optimized with the Yoast SEO plugin v27.5 - https:\/\/yoast.com\/product\/yoast-seo-wordpress\/ -->\n<title>\u00d8ksakast 15:00 - 16:30 - Fest\u00edvalh\u00f6ll<\/title>\n<meta name=\"robots\" content=\"index, follow, max-snippet:-1, max-image-preview:large, max-video-preview:-1\" \/>\n<link rel=\"canonical\" href=\"https:\/\/festivalholl.fo\/en\/timetable\/event\/oksakast\/\" \/>\n<meta property=\"og:locale\" content=\"en_GB\" \/>\n<meta property=\"og:type\" content=\"article\" \/>\n<meta property=\"og:title\" content=\"\u00d8ksakast 15:00 - 16:30 - Fest\u00edvalh\u00f6ll\" \/>\n<meta property=\"og:description\" content=\"Heri er limur \u00ed Berserk. \u00c1 festivalinum finnur t\u00fa hann vi\u00f0 \u00f8ksakastinum, har hann vi\u00f0 tolsemi og vir\u00f0ing l\u00e6rir fr\u00e1 s\u00e6r.\" \/>\n<meta property=\"og:url\" content=\"https:\/\/festivalholl.fo\/en\/timetable\/event\/oksakast\/\" \/>\n<meta property=\"og:site_name\" content=\"Fest\u00edvalh\u00f6ll\" \/>\n<meta property=\"article:publisher\" content=\"https:\/\/www.facebook.com\/Festivalholl\" \/>\n<meta property=\"article:modified_time\" content=\"2025-07-01T01:34:11+00:00\" \/>\n<meta property=\"og:image\" content=\"https:\/\/festivalholl.fo\/wp-content\/uploads\/2025\/06\/20240705_132528-scaled.jpg\" \/>\n\t<meta property=\"og:image:width\" content=\"2560\" \/>\n\t<meta property=\"og:image:height\" content=\"1441\" \/>\n\t<meta property=\"og:image:type\" content=\"image\/jpeg\" \/>\n<meta name=\"twitter:card\" content=\"summary_large_image\" \/>\n<script type=\"application\/ld+json\" class=\"yoast-schema-graph\">{\"@context\":\"https:\\\/\\\/schema.org\",\"@graph\":[{\"@type\":\"WebPage\",\"@id\":\"https:\\\/\\\/festivalholl.fo\\\/timetable\\\/event\\\/oksakast\\\/\",\"url\":\"https:\\\/\\\/festivalholl.fo\\\/timetable\\\/event\\\/oksakast\\\/\",\"name\":\"\u00d8ksakast 15:00 - 16:30 - Fest\u00edvalh\u00f6ll\",\"isPartOf\":{\"@id\":\"https:\\\/\\\/festivalholl.fo\\\/#website\"},\"primaryImageOfPage\":{\"@id\":\"https:\\\/\\\/festivalholl.fo\\\/timetable\\\/event\\\/oksakast\\\/#primaryimage\"},\"image\":{\"@id\":\"https:\\\/\\\/festivalholl.fo\\\/timetable\\\/event\\\/oksakast\\\/#primaryimage\"},\"thumbnailUrl\":\"https:\\\/\\\/festivalholl.fo\\\/wp-content\\\/uploads\\\/2025\\\/06\\\/20240705_132528-1024x577.jpg\",\"datePublished\":\"2025-06-22T13:08:11+00:00\",\"dateModified\":\"2025-07-01T01:34:11+00:00\",\"breadcrumb\":{\"@id\":\"https:\\\/\\\/festivalholl.fo\\\/timetable\\\/event\\\/oksakast\\\/#breadcrumb\"},\"inLanguage\":\"en-GB\",\"potentialAction\":[{\"@type\":\"ReadAction\",\"target\":[\"https:\\\/\\\/festivalholl.fo\\\/timetable\\\/event\\\/oksakast\\\/\"]}]},{\"@type\":\"ImageObject\",\"inLanguage\":\"en-GB\",\"@id\":\"https:\\\/\\\/festivalholl.fo\\\/timetable\\\/event\\\/oksakast\\\/#primaryimage\",\"url\":\"https:\\\/\\\/festivalholl.fo\\\/wp-content\\\/uploads\\\/2025\\\/06\\\/20240705_132528-1024x577.jpg\",\"contentUrl\":\"https:\\\/\\\/festivalholl.fo\\\/wp-content\\\/uploads\\\/2025\\\/06\\\/20240705_132528-1024x577.jpg\"},{\"@type\":\"BreadcrumbList\",\"@id\":\"https:\\\/\\\/festivalholl.fo\\\/timetable\\\/event\\\/oksakast\\\/#breadcrumb\",\"itemListElement\":[{\"@type\":\"ListItem\",\"position\":1,\"name\":\"Home\",\"item\":\"https:\\\/\\\/festivalholl.fo\\\/\"},{\"@type\":\"ListItem\",\"position\":2,\"name\":\"Events\",\"item\":\"https:\\\/\\\/festivalholl.fo\\\/timetable\\\/event\\\/\"},{\"@type\":\"ListItem\",\"position\":3,\"name\":\"\u00d8ksakast 15:00 &#8211; 16:30\"}]},{\"@type\":\"WebSite\",\"@id\":\"https:\\\/\\\/festivalholl.fo\\\/#website\",\"url\":\"https:\\\/\\\/festivalholl.fo\\\/\",\"name\":\"Fest\u00edvalh\u00f6ll\",\"description\":\"Festival\",\"publisher\":{\"@id\":\"https:\\\/\\\/festivalholl.fo\\\/#organization\"},\"potentialAction\":[{\"@type\":\"SearchAction\",\"target\":{\"@type\":\"EntryPoint\",\"urlTemplate\":\"https:\\\/\\\/festivalholl.fo\\\/?s={search_term_string}\"},\"query-input\":{\"@type\":\"PropertyValueSpecification\",\"valueRequired\":true,\"valueName\":\"search_term_string\"}}],\"inLanguage\":\"en-GB\"},{\"@type\":\"Organization\",\"@id\":\"https:\\\/\\\/festivalholl.fo\\\/#organization\",\"name\":\"Fest\u00edvalh\u00f6ll\",\"url\":\"https:\\\/\\\/festivalholl.fo\\\/\",\"logo\":{\"@type\":\"ImageObject\",\"inLanguage\":\"en-GB\",\"@id\":\"https:\\\/\\\/festivalholl.fo\\\/#\\\/schema\\\/logo\\\/image\\\/\",\"url\":\"https:\\\/\\\/festivalholl.fo\\\/wp-content\\\/uploads\\\/2021\\\/04\\\/Favicon.png\",\"contentUrl\":\"https:\\\/\\\/festivalholl.fo\\\/wp-content\\\/uploads\\\/2021\\\/04\\\/Favicon.png\",\"width\":503,\"height\":503,\"caption\":\"Fest\u00edvalh\u00f6ll\"},\"image\":{\"@id\":\"https:\\\/\\\/festivalholl.fo\\\/#\\\/schema\\\/logo\\\/image\\\/\"},\"sameAs\":[\"https:\\\/\\\/www.facebook.com\\\/Festivalholl\",\"https:\\\/\\\/www.instagram.com\\\/festivalholl\\\/\"]}]}<\/script>\n<!-- \/ Yoast SEO plugin. -->","yoast_head_json":{"title":"\u00d8ksakast 15:00 - 16:30 - Fest\u00edvalh\u00f6ll","robots":{"index":"index","follow":"follow","max-snippet":"max-snippet:-1","max-image-preview":"max-image-preview:large","max-video-preview":"max-video-preview:-1"},"canonical":"https:\/\/festivalholl.fo\/en\/timetable\/event\/oksakast\/","og_locale":"en_GB","og_type":"article","og_title":"\u00d8ksakast 15:00 - 16:30 - Fest\u00edvalh\u00f6ll","og_description":"Heri er limur \u00ed Berserk. \u00c1 festivalinum finnur t\u00fa hann vi\u00f0 \u00f8ksakastinum, har hann vi\u00f0 tolsemi og vir\u00f0ing l\u00e6rir fr\u00e1 s\u00e6r.","og_url":"https:\/\/festivalholl.fo\/en\/timetable\/event\/oksakast\/","og_site_name":"Fest\u00edvalh\u00f6ll","article_publisher":"https:\/\/www.facebook.com\/Festivalholl","article_modified_time":"2025-07-01T01:34:11+00:00","og_image":[{"width":2560,"height":1441,"url":"https:\/\/festivalholl.fo\/wp-content\/uploads\/2025\/06\/20240705_132528-scaled.jpg","type":"image\/jpeg"}],"twitter_card":"summary_large_image","schema":{"@context":"https:\/\/schema.org","@graph":[{"@type":"WebPage","@id":"https:\/\/festivalholl.fo\/timetable\/event\/oksakast\/","url":"https:\/\/festivalholl.fo\/timetable\/event\/oksakast\/","name":"\u00d8ksakast 15:00 - 16:30 - Fest\u00edvalh\u00f6ll","isPartOf":{"@id":"https:\/\/festivalholl.fo\/#website"},"primaryImageOfPage":{"@id":"https:\/\/festivalholl.fo\/timetable\/event\/oksakast\/#primaryimage"},"image":{"@id":"https:\/\/festivalholl.fo\/timetable\/event\/oksakast\/#primaryimage"},"thumbnailUrl":"https:\/\/festivalholl.fo\/wp-content\/uploads\/2025\/06\/20240705_132528-1024x577.jpg","datePublished":"2025-06-22T13:08:11+00:00","dateModified":"2025-07-01T01:34:11+00:00","breadcrumb":{"@id":"https:\/\/festivalholl.fo\/timetable\/event\/oksakast\/#breadcrumb"},"inLanguage":"en-GB","potentialAction":[{"@type":"ReadAction","target":["https:\/\/festivalholl.fo\/timetable\/event\/oksakast\/"]}]},{"@type":"ImageObject","inLanguage":"en-GB","@id":"https:\/\/festivalholl.fo\/timetable\/event\/oksakast\/#primaryimage","url":"https:\/\/festivalholl.fo\/wp-content\/uploads\/2025\/06\/20240705_132528-1024x577.jpg","contentUrl":"https:\/\/festivalholl.fo\/wp-content\/uploads\/2025\/06\/20240705_132528-1024x577.jpg"},{"@type":"BreadcrumbList","@id":"https:\/\/festivalholl.fo\/timetable\/event\/oksakast\/#breadcrumb","itemListElement":[{"@type":"ListItem","position":1,"name":"Home","item":"https:\/\/festivalholl.fo\/"},{"@type":"ListItem","position":2,"name":"Events","item":"https:\/\/festivalholl.fo\/timetable\/event\/"},{"@type":"ListItem","position":3,"name":"\u00d8ksakast 15:00 &#8211; 16:30"}]},{"@type":"WebSite","@id":"https:\/\/festivalholl.fo\/#website","url":"https:\/\/festivalholl.fo\/","name":"Fest\u00edvalh\u00f6ll","description":"Festival","publisher":{"@id":"https:\/\/festivalholl.fo\/#organization"},"potentialAction":[{"@type":"SearchAction","target":{"@type":"EntryPoint","urlTemplate":"https:\/\/festivalholl.fo\/?s={search_term_string}"},"query-input":{"@type":"PropertyValueSpecification","valueRequired":true,"valueName":"search_term_string"}}],"inLanguage":"en-GB"},{"@type":"Organization","@id":"https:\/\/festivalholl.fo\/#organization","name":"Fest\u00edvalh\u00f6ll","url":"https:\/\/festivalholl.fo\/","logo":{"@type":"ImageObject","inLanguage":"en-GB","@id":"https:\/\/festivalholl.fo\/#\/schema\/logo\/image\/","url":"https:\/\/festivalholl.fo\/wp-content\/uploads\/2021\/04\/Favicon.png","contentUrl":"https:\/\/festivalholl.fo\/wp-content\/uploads\/2021\/04\/Favicon.png","width":503,"height":503,"caption":"Fest\u00edvalh\u00f6ll"},"image":{"@id":"https:\/\/festivalholl.fo\/#\/schema\/logo\/image\/"},"sameAs":["https:\/\/www.facebook.com\/Festivalholl","https:\/\/www.instagram.com\/festivalholl\/"]}]}},"_links":{"self":[{"href":"https:\/\/festivalholl.fo\/en\/wp-json\/wp\/v2\/mp-event\/3276","targetHints":{"allow":["GET"]}}],"collection":[{"href":"https:\/\/festivalholl.fo\/en\/wp-json\/wp\/v2\/mp-event"}],"about":[{"href":"https:\/\/festivalholl.fo\/en\/wp-json\/wp\/v2\/types\/mp-event"}],"author":[{"embeddable":true,"href":"https:\/\/festivalholl.fo\/en\/wp-json\/wp\/v2\/users\/1"}],"replies":[{"embeddable":true,"href":"https:\/\/festivalholl.fo\/en\/wp-json\/wp\/v2\/comments?post=3276"}],"wp:attachment":[{"href":"https:\/\/festivalholl.fo\/en\/wp-json\/wp\/v2\/media?parent=3276"}],"wp:term":[{"taxonomy":"mp-event_category","embeddable":true,"href":"https:\/\/festivalholl.fo\/en\/wp-json\/wp\/v2\/mp-event_category?post=3276"},{"taxonomy":"mp-event_tag","embeddable":true,"href":"https:\/\/festivalholl.fo\/en\/wp-json\/wp\/v2\/mp-event_tag?post=3276"}],"curies":[{"name":"wp","href":"https:\/\/api.w.org\/{rel}","templated":true}]}}

Øksakast 15:00 &#8211; 16:30

<figure class="wp-block-image size-large"><img fetchpriority="high" decoding="async" width="1024" height="577" src="https://festivalholl.fo/wp-content/uploads/2025/06/20240705_132528-1024x577.jpg" alt="" class="wp-image-3221" srcset="https://festivalholl.fo/wp-content/uploads/2025/06/20240705_132528-1024x577.jpg 1024w, https://festivalholl.fo/wp-content/uploads/2025/06/20240705_132528-300x169.jpg 300w, https://festivalholl.fo/wp-content/uploads/2025/06/20240705_132528-768x432.jpg 768w, https://festivalholl.fo/wp-content/uploads/2025/06/20240705_132528-1536x865.jpg 1536w, https://festivalholl.fo/wp-content/uploads/2025/06/20240705_132528-2048x1153.jpg 2048w, https://festivalholl.fo/wp-content/uploads/2025/06/20240705_132528-18x10.jpg 18w, https://festivalholl.fo/wp-content/uploads/2025/06/20240705_132528-800x450.jpg 800w" sizes="(max-width: 1024px) 100vw, 1024px" /></figure>



<p>Heri er limur í Berserk. Á festivalinum finnur tú hann við øksakastinum, har hann við tolsemi og virðing lærir frá sær. </p>

<p>Heri er limur í Berserk. Á festivalinum finnur tú hann við øksakastinum, har hann við tolsemi og virðing lærir frá sær.</p>

<!-- This site is optimized with the Yoast SEO plugin v27.5 - https://yoast.com/product/yoast-seo-wordpress/ -->
<title>Øksakast 15:00 - 16:30 - Festívalhöll</title>
<meta name="robots" content="index, follow, max-snippet:-1, max-image-preview:large, max-video-preview:-1" />
<link rel="canonical" href="https://festivalholl.fo/en/timetable/event/oksakast/" />
<meta property="og:locale" content="en_GB" />
<meta property="og:type" content="article" />
<meta property="og:title" content="Øksakast 15:00 - 16:30 - Festívalhöll" />
<meta property="og:description" content="Heri er limur í Berserk. Á festivalinum finnur tú hann við øksakastinum, har hann við tolsemi og virðing lærir frá sær." />
<meta property="og:url" content="https://festivalholl.fo/en/timetable/event/oksakast/" />
<meta property="og:site_name" content="Festívalhöll" />
<meta property="article:publisher" content="https://www.facebook.com/Festivalholl" />
<meta property="article:modified_time" content="2025-07-01T01:34:11+00:00" />
<meta property="og:image" content="https://festivalholl.fo/wp-content/uploads/2025/06/20240705_132528-scaled.jpg" />
	<meta property="og:image:width" content="2560" />
	<meta property="og:image:height" content="1441" />
	<meta property="og:image:type" content="image/jpeg" />
<meta name="twitter:card" content="summary_large_image" />
<script type="application/ld+json" class="yoast-schema-graph">{"@context":"https:\/\/schema.org","@graph":[{"@type":"WebPage","@id":"https:\/\/festivalholl.fo\/timetable\/event\/oksakast\/","url":"https:\/\/festivalholl.fo\/timetable\/event\/oksakast\/","name":"Øksakast 15:00 - 16:30 - Festívalhöll","isPartOf":{"@id":"https:\/\/festivalholl.fo\/#website"},"primaryImageOfPage":{"@id":"https:\/\/festivalholl.fo\/timetable\/event\/oksakast\/#primaryimage"},"image":{"@id":"https:\/\/festivalholl.fo\/timetable\/event\/oksakast\/#primaryimage"},"thumbnailUrl":"https:\/\/festivalholl.fo\/wp-content\/uploads\/2025\/06\/20240705_132528-1024x577.jpg","datePublished":"2025-06-22T13:08:11+00:00","dateModified":"2025-07-01T01:34:11+00:00","breadcrumb":{"@id":"https:\/\/festivalholl.fo\/timetable\/event\/oksakast\/#breadcrumb"},"inLanguage":"en-GB","potentialAction":[{"@type":"ReadAction","target":["https:\/\/festivalholl.fo\/timetable\/event\/oksakast\/"]}]},{"@type":"ImageObject","inLanguage":"en-GB","@id":"https:\/\/festivalholl.fo\/timetable\/event\/oksakast\/#primaryimage","url":"https:\/\/festivalholl.fo\/wp-content\/uploads\/2025\/06\/20240705_132528-1024x577.jpg","contentUrl":"https:\/\/festivalholl.fo\/wp-content\/uploads\/2025\/06\/20240705_132528-1024x577.jpg"},{"@type":"BreadcrumbList","@id":"https:\/\/festivalholl.fo\/timetable\/event\/oksakast\/#breadcrumb","itemListElement":[{"@type":"ListItem","position":1,"name":"Home","item":"https:\/\/festivalholl.fo\/"},{"@type":"ListItem","position":2,"name":"Events","item":"https:\/\/festivalholl.fo\/timetable\/event\/"},{"@type":"ListItem","position":3,"name":"Øksakast 15:00 &#8211; 16:30"}]},{"@type":"WebSite","@id":"https:\/\/festivalholl.fo\/#website","url":"https:\/\/festivalholl.fo\/","name":"Festívalhöll","description":"Festival","publisher":{"@id":"https:\/\/festivalholl.fo\/#organization"},"potentialAction":[{"@type":"SearchAction","target":{"@type":"EntryPoint","urlTemplate":"https:\/\/festivalholl.fo\/?s={search_term_string}"},"query-input":{"@type":"PropertyValueSpecification","valueRequired":true,"valueName":"search_term_string"}}],"inLanguage":"en-GB"},{"@type":"Organization","@id":"https:\/\/festivalholl.fo\/#organization","name":"Festívalhöll","url":"https:\/\/festivalholl.fo\/","logo":{"@type":"ImageObject","inLanguage":"en-GB","@id":"https:\/\/festivalholl.fo\/#\/schema\/logo\/image\/","url":"https:\/\/festivalholl.fo\/wp-content\/uploads\/2021\/04\/Favicon.png","contentUrl":"https:\/\/festivalholl.fo\/wp-content\/uploads\/2021\/04\/Favicon.png","width":503,"height":503,"caption":"Festívalhöll"},"image":{"@id":"https:\/\/festivalholl.fo\/#\/schema\/logo\/image\/"},"sameAs":["https:\/\/www.facebook.com\/Festivalholl","https:\/\/www.instagram.com\/festivalholl\/"]}]}</script>
<!-- / Yoast SEO plugin. -->

Øksakast 15:00 - 16:30 - Festívalhöll

Heri er limur í Berserk. Á festivalinum finnur tú hann við øksakastinum, har hann við tolsemi og virðing lærir frá sær.

Festívalhöll
